remainder when q(-2) is divided by b(-8)?
11
Let x = -132 + 141. Calculate the remainder when 17 is divided by x.
8
Suppose 15*s + 90 = -60. Let z = 27 - s. Calculate the remainder when 108 is divided by z.
34
Suppose 0 = 2*v + q - 191, -5*v - 2*q - q = -478. What is the remainder when v is divided by 4?
3
Let s(g) = 9*g**2 - 5*g - 15. Calculate the remainder when s(-4) is divided by 6.
5
Let j = 20 + -17. Suppose -1 - j = -l. Suppose l - 13 = -s. What is the remainder when s is divided by 4?
1
Let o(v) = v + 3. Let d be o(12). Let k = d - -3. Suppose 2*n = k + 16. What is the remainder when 48 is divided by n?
14
Suppose -3*b + 1876 = m, 2*b + 3*m = 18 + 1235. Let f = b + -386. What is the remainder when f is divided by 12?
11
Let j(a) = -15*a - 42. Let c(z) = -z + 2. Calculate the remainder when j(-5) is divided by c(-16).
15
Suppose 2*j + 101 = c, 0 = -55*c + 54*c - 3*j + 91. Calculate the remainder when 578 is divided by c.
93
Let z = 35 - 18. Let s(f) = -47*f + 3. Let c be (28/5)/(-4) + 4/10. What is the remainder when s(c) is divided by z?
16
Let d(q) = 7 - 8*q + q + 2*q + 4*q. Let z be d(-6). Suppose -h + 4*s = z, 7 = 4*h + 4*s - 21. Calculate the remainder when 7 is divided by h.
1
Let q = -29 + 80. Suppose -2*o + 78 = 2*s, 0 = -o - 2*s - 3*s + q. What is the remainder when o is divided by 19?
17
Let g(b) = b**3 - 7*b**2 + 7*b + 15. Let z be 0 + 4/(1 + -3) - -9. What is the remainder when g(z) is divided by 22?
20
Suppose 4*k = -2*a + 718, -2*k = a - 6*k - 335. Let f = 611 - a. Suppose -5*z = -9*z + f. What is the remainder when z is divided by 34?
31
Let h(o) = -2*o**3 + 13*o**2 - 3*o - 11. Calculate the remainder when 9 is divided by h(6).
2
Let h(o) = -o**2 - 18*o - 42. Let z be h(-15). Suppose z*x + 270 = 3*v, -2*x + 0*x = -3*v + 271. Calculate the remainder when v is divided by 19.
15
Suppose 3*z + 2*k + 16 = 7*z, -z + 3*k + 14 = 0. Suppose -z*j = 3*j - 115. What is the remainder when j is divided by 14?
9
Suppose -2*q + x + 66 = 3*q, 26 = q + 3*x. Suppose 3*h = -9*h + 828. Let v = -65 + h. What is the remainder when q is divided by v?
2
Suppose -4*z + 23 = -109. What is the remainder when 122 is divided by z?
23
Suppose -2*i - 24 = -5*i. Let j(m) = m**2 - 4*m - 6. What is the remainder when 3/(-15) - ((-753)/15 - 1) is divided by j(i)?
25
Let o = -24 + 27. Let t(u) = -2*u**3 + 3*u**2 + 3*u + 3. Let l be t(o). Let m = l - -17. Calculate the remainder when m is divided by 1.
0
Suppose -4*k - 2*u + 6*u + 24 = 0, -4*u = -2*k + 18. Suppose -6*p + k*p = -102. What is the remainder when 133 is divided by p?
31
Calculate the remainder when (-778)/(-6) + (-44)/66 is divided by 23.
14
Let j(t) = t**3 - 16*t**2 + 14*t + 18. Let v(h) = -h + 8. Let s be v(-7). Calculate the remainder when 7 is divided by j(s).
1
Let n(l) = 22*l - 443. Calculate the remainder when 1366 is divided by n(21).
17
Let c(p) = 8*p**2 + 3*p + 9. Let s(b) = -139*b - 1. Calculate the remainder when s(-1) is divided by c(-2).
33
Let f(t) = -t**2 + 18*t + 13. Let x be (5 + -3)*1 - -6. What is the remainder when f(x) is divided by 47?
46
Let w(y) = -18*y + 22. Let l be w(-7). Let p = l - 124. What is the remainder when p is divided by 13?
11
Let q(v) be the first derivative of -v**4/4 - 8*v**3/3 + v**2/2 + 10*v + 2. Calculate the remainder when (2 - 0) + 35/(7 - 0) is divided by q(-8).
1
Suppose -5*r + 70 = -45. Let k(u) = 4*u**2 + u + 3. Calculate the remainder when r is divided by k(1).
7
Let h(g) = -g**3 + 3*g**2 + 8*g - 6. Let n(k) = -2*k**3 + 5*k**2 + 16*k - 13. Let w(j) = 7*h(j) - 3*n(j). What is the remainder when 42 is divided by w(7)?
2
Let l(m) = -2*m**2 - 21*m - 14. Let u(f) = -f**3 + 5*f**2 + 5*f - 6. What is the remainder when u(5) is divided by l(-9)?
6
Suppose 0*h = -3*h + 90. Let f be ((-60)/9)/(4/12). Let y = -12 - f. Calculate the remainder when h is divided by y.
6
Let c(m) = -10*m - 4. Suppose -9*g + 4*g - 20 = 0, 5*j + 25 = -5*g. What is the remainder when c(j) is divided by 4?
2
Let y(q) be the first derivative of q**4/2 + q**3/3 - 7*q**2/2 - 8*q - 23. Calculate the remainder when y(4) is divided by 37.
34
Let i be -2 + 216/52 + 2/(-13). Suppose l - 35 = 4*d - i*d, -3*l = -4*d - 101. What is the remainder when 91 is divided by l?
29
Suppose -2*x = -0*x - 30. Let t = -145 + x. What is the remainder when 47 is divided by 3/(-12) - t/8?
15
Suppose 3*n + 0 = 3*t - 3, -5*n = 5*t - 15. Suppose 3*b - 4*i = t, -7*b + 6*b - 1 = -3*i. What is the remainder when b is divided by 10/4 - 1/2?
0
Let f(h) = h**3 + 10*h**2 + 7*h - 6. Let s be f(-9). Let y be 2 - (2 + s/(-4)). What is the remainder when 22 is divided by (-2 - -29)*1/y?
4
Let m = 25 + -11. Suppose -i - m = -0*i - 5*n, 5*n = 3*i + 22. Calculate the remainder when 15 is divided by 4/(i - 0) - -9.
7
Let u = 1525 + -1297. Calculate the remainder when u is divided by 33.
30
Suppose -70 = -6*x - m, 3*x - 31 = -5*m - 5. Calculate the remainder when 79 is divided by x.
7
Suppose 0*q = -5*q + 5. Suppose -q = -m, 3*j - 26 = -5*m + 237. Calculate the remainder when j is divided by 30.
26
Let l = -202 + 242. Calculate the remainder when l is divided by 15.
10
Let z(r) = -r**3 + 13*r**2 - 6*r - 50. Calculate the remainder when 50 is divided by z(12).
6
Let t = 1108 + -1057. What is the remainder when 1733 is divided by t?
50
Suppose 6*i = -4*i + 770. What is the remainder when i is divided by 28?
21
Suppose -572 = h - 1748. What is the remainder when (2/(-4))/(4 + (-4708)/h) is divided by (-2)/(4/(-78)) + -2?
36
Suppose 0 = -63*m + 73*m - 200. Calculate the remainder when 478 is divided by m.
18
Let o = 12 - -7. Suppose 0*i - 3*i + 174 = 3*k, -272 = -5*k + 4*i. Calculate the remainder when k - (-2 - -1 - -2) is divided by o.
17
Let x be (3 - -2*6)*(6 - 3). Let k = x + -39. Calculate the remainder when 9 is divided by k.
3
Suppose 0 = 4*r - z - 308, -228*z + 232*z = 0. What is the remainder when 335 is divided by r?
27
Suppose -3*a = -4 - 5. What is the remainder when 39 is divided by (-7)/((-70)/(-12))*(-50)/a?
19
Suppose 25*r = 27*r - 8. Let f(v) = -v**3 + 7*v**2 - 8*v - 4. Calculate the remainder when 47 is divided by f(r).
11
What is the remainder when 127*2 - 135/27 is divided by 25?
24
Let l be (-3 + 3)*(3 + -4). Suppose -5*d + l*f - 84 = -2*f, 5*d - f + 82 = 0. Calculate the remainder when 13 is divided by ((-4)/d + -2)*-4.
6
Suppose -54 = -5*l + 51. Let h be (-8 - (-2 + 2))*(-21)/(-42). Calculate the remainder when (-4)/h - (-3 + 3) - -79 is divided by l.
17
Suppose 11*z = 468 + 698. Calculate the remainder when z is divided by 23.
14
Let x = -79 + 95. What is the remainder when 27 is divided by x?
11
Let j be 4/(-6) - 80/15. What is the remainder when 26 is divided by 4/(-10)*(-175)/(-1 - j)?
12
Suppose -2 = 4*j - 26. Suppose -4*g = -30 - j. Suppose g = -c - 4*x - x, -5*c + 42 = -4*x. What is the remainder when 16 is divided by c?
4
Let s = 30 + -17. Let r = -77 - -138. What is the remainder when r is divided by s?
9
Let g be ((-32)/12)/(1 - (-3)/(-9)). Let r(q) = q**3 + 5*q**2 - q - 7. What is the remainder when 35 is divided by r(g)?
9
Suppose 56 = 2*a + 4*n, n = -4*a + 114 - 37. Let h(p) = 70*p**2 - 3. Let y be h(-2). Suppose 0 = 6*s - 149 - y. What is the remainder when s is divided by a?
17
Let j be (-3)/(-2)*6/9*-3. What is the remainder when (-79)/((15/10)/j) is divided by 32?
30
Suppose 0 = -2*v - 3*v + 3*l, 0 = -2*v - l + 11. Suppose 7*r - 510 = -v*r. What is the remainder when r is divided by 27?
24
Let l = -2 - -4. Suppose 0 = -l*h - 3*p - 23, 2*h - 5*p + 63 = -0*h. Let i = h - -88. Calculate the remainder when i is divided by 18.
15
Let y(t) = -4*t**3 + 17*t**3 - 5*t**3 + 6 + 6*t**2 + 6*t - 7*t**3. Let o be (-22)/6 + (-2)/6. What is the remainder when 55 is divided by y(o)?
13
Let s = -50 + 53. Suppose -67*j - s = -68*j. Calculate the remainder when 11 is divided by j.
2
Suppose -28*q + 5*q = -575. What is the remainder when 88 is divided by q?
13
Suppose 3*n - 74 = 4*x, -5*n + 5*x + 24 + 106 = 0. What is the remainder when 192 is divided by n?
12
Calculate the remainder when 527 is divided by (11*(-36)/(-297))/(2/18).
11
Let j be (3/(-6))/(2/(-24)). Suppose -2*p + j = 2. Suppose -4*f - 87 = -5*x, 2*x + f + p*f = 44. Calculate the remainder when 72 is divided by x.
15
Suppose 0 = -21*d + 722